Let s(x) = -x - 10. Give s(-9).
-1
Let a(n) = -n**3 - 3*n**2 - 3*n + 10. Give a(-4).
38
Let a(h) = -3*h**2 + 6*h - 7. Determine a(2).
-7
Let g(o) = 3*o**2 + 22*o - 15. What is g(-9)?
30
Let u(o) = -o**2 + 15*o - 36. Calculate u(12).
0
Let u(y) = -3*y**2 - 13*y + 5. Give u(-6).
-25
Let f(t) = -t**3 + 7*t**2 - 8*t + 3. Determine f(6).
-9
Let y(f) = 3*f + 99. Calculate y(-32).
3
Let r(q) = -q - 17. Give r(0).
-17
Let w(n) = n**2 - n - 21. Determine w(0).
-21
Let x(k) = 9*k**2 - 10*k + 4. What is x(4)?
108
Let v(q) = -q**3 + 9*q**2 - 18*q - 15. Determine v(8).
-95
Let k(i) = i + 6. What is k(-7)?
-1
Let r(g) = g**3 + 7*g**2 + 8*g - 16. Determine r(-7).
-72
Let u(o) = 2*o**2 + 18*o - 7. Calculate u(-9).
-7
Let w(a) = a**3 - 4*a**2 - 6. Give w(5).
19
Let j(s) = -15*s**3 + 3*s**2 + s - 1. Calculate j(1).
-12
Let m(r) = r**2 - 9*r + 6. Calculate m(8).
-2
Let s(k) = -32*k - 14. Calculate s(1).
-46
Let t(j) = -2*j**2 + 29*j - 31. Calculate t(13).
8
Let b(w) = -w**2 + 3*w - 7. Calculate b(4).
-11
Let j(a) = 5*a**2 - 30*a - 1. Determine j(5).
-26
Let g(d) = d**2 + 7*d + 4. Calculate g(-9).
22
Let b(f) = f**3 + 5*f**2 + 2*f - 5. What is b(-5)?
-15
Let i(a) = -a - 12. Calculate i(4).
-16
Let x(u) = u**3 + 7*u**2 - 2*u - 1. Give x(-5).
59
Let f(v) = -3*v**2 - 3*v + 24. Determine f(5).
-66
Let r(w) = -6*w + 174. Give r(28).
6
Let t(s) = -s**2 - 3*s - 4. What is t(-4)?
-8
Let p(t) = t - 8. Calculate p(19).
11
Let t(i) = -3*i**3 + 16*i**2 + 64*i + 13. Determine t(8).
13
Let b(p) = -p**3 - p + 48. What is b(0)?
48
Let c(w) = -w**3 - 4*w**2 + 4*w - 1. What is c(-5)?
4
Let l(p) = -p**3 - 2*p + 2. What is l(1)?
-1
Let u(v) = 38*v + 1. Determine u(-2).
-75
Let h(j) = j - 12. Calculate h(8).
-4
Let j(u) = -u**2 + 8*u + 17. What is j(10)?
-3
Let y(h) = -h**3 + 6*h**2 - 6*h - 25. Give y(5).
-30
Let u(v) = -v**3 - 6*v**2 - 2*v - 4. Give u(-6).
8
Let f(x) = 3*x**2 - 5*x - 13. What is f(-3)?
29
Let x(f) = 5*f - 127. Calculate x(24).
-7
Let v(w) = w**2 + 5*w - 25. Determine v(-8).
-1
Let p(f) = f**3 + f**2 + f - 10. Give p(0).
-10
Let b(j) = -j**3 + 2*j**2 - 4*j + 3. Determine b(2).
-5
Let g(u) = 19*u - 128. Determine g(6).
-14
Let t(w) = -3*w**3 + w**2 - w - 3. Determine t(-2).
27
Let l(b) = 2*b**2 + 30*b + 83. What is l(-4)?
-5
Let r(q) = 2*q + 4. Determine r(7).
18
Let a(j) = -j - 13. What is a(-9)?
-4
Let g(n) = 2*n**2 - 4*n - 15. Calculate g(5).
15
Let t(s) = -s**2 - 18*s + 131. Give t(6).
-13
Let b(t) = 7*t + 14. Give b(7).
63
Let i(s) = -s**3 + 5*s**2 - 4*s + 6. Give i(5).
-14
Let v(b) = b**2 - 15*b - 11. What is v(16)?
5
Let d(p) = -p**2 + 16*p - 69. Determine d(7).
-6
Let k(x) = -8*x**2 - 5*x + 7. Determine k(1).
-6
Let v(k) = -k**3 - 3*k**2 + 27*k - 5. What is v(-7)?
2
Let s(v) = -v**3 - 5*v**2 + 3*v. Give s(-6).
18
Let f(x) = x**3 + 9*x**2 + 10*x + 25. Give f(-8).
9
Let n(r) = 3*r**2 + 3. Calculate n(2).
15
Let n(d) = 4*d + 38. Determine n(-10).
-2
Let w(g) = g**3 + 6*g**2 + 6*g + 4. What is w(-5)?
-1
Let b(i) = -2*i - 25. Give b(-19).
13
Let d(c) = -8*c - 10. Calculate d(-8).
54
Let j(n) = -n**2 - 6*n - 32. Determine j(-6).
-32
Let w(g) = g**2 - 14*g + 9. Calculate w(12).
-15
Let h(j) = -6*j**3 + 48*j**2 + j - 18. Determine h(8).
-10
Let c(r) = -r**2 - 64. Determine c(0).
-64
Let p(q) = q**2 + 14*q + 16. Calculate p(-13).
3
Let k(v) = -116*v. What is k(0)?
0
Let v(o) = -o**3 - 11*o**2 + 13*o + 9. Calculate v(-12).
-3
Let b(m) = -m**3 - 17*m**2 + 37*m - 20. Give b(-19).
-1
Let b(i) = -i**3 - 11*i**2 + 11*i - 9. Give b(-12).
3
Let l(o) = o**3 - 18*o**2 + 28. Give l(18).
28
Let x(q) = 19*q + 119. Give x(-7).
-14
Let i(n) = 2*n**2 - 9*n + 8. What is i(5)?
13
Let b(j) = j**2 - 10*j - 9. Give b(9).
-18
Let j(n) = -n**3 + 4*n**2 - 1. Determine j(4).
-1
Let t(z) = z**2 - 15*z - 8. Calculate t(16).
8
Let j(o) = o**2 - 6*o - 15. What is j(-4)?
25
Let q(k) = -2*k**3 + 27*k**2 + 14*k + 17. Give q(14).
17
Let g(t) = -8*t + 90. Calculate g(9).
18
Let j(y) = 2*y**2 + 15*y - 11. Calculate j(-8).
-3
Let j(u) = -2*u**3 - u**2 + 2*u - 7. Determine j(2).
-23
Let j(d) = d**3 + 10*d**2 - d - 3. Calculate j(-10).
7
Let f(t) = t**2 - 9*t - 27. Give f(11).
-5
Let d(g) = 24*g + 3. What is d(-5)?
-117
Let x(v) = v**2 + 9*v - 5. What is x(-9)?
-5
Let a(f) = -4*f - 1. Determine a(-1).
3
Let n(a) = -a**3 + a**2. Calculate n(3).
-18
Let a(f) = f**3 - 22*f**2 + 58*f - 16. What is a(19)?
3
Let q(h) = -10*h + 45. Give q(0).
45
Let p(o) = o**3 - 5*o**2 + o + 3. What is p(4)?
-9
Let u(v) = -6*v - 12. Give u(-8).
36
Let y(b) = -b**2 + 16*b - 6. What is y(14)?
22
Let b(i) = -i**2 - 16*i - 17. What is b(-15)?
-2
Let w(m) = -m**3 - 6*m**2 - 2*m - 8. Calculate w(-6).
4
Let m(x) = -8*x**2 + 2. Give m(-2).
-30
Let d(z) = z**2 + 26*z + 3. Determine d(-26).
3
Let i(g) = 2*g**2 + 8*g - 9. What is i(-7)?
33
Let h(w) = 21*w + 7. What is h(2)?
49
Let u(a) = a**2 - 8*a. Calculate u(4).
-16
Let m(p) = -46*p - 324. Determine m(-7).
-2
Let v(g) = -g**3 - 15*g**2 - 38*g - 33. Give v(-12).
-9
Let c(w) = 13*w + 95. Give c(-7).
4
Let h(z) = z**2 - 8*z - 19. Give h(9).
-10
Let d(c) = -25*c**2 - 2*c - 4. Determine d(2).
-108
Let r(v) = 27*v. Determine r(2).
54
Let x(q) = q**3 - 6*q**2 - 9*q + 9. Give x(7).
-5
Let z(p) = -p**2 - 7*p - 4. Calculate z(-5).
6
Let z(k) = k**3 - 12*k**2 + 11*k - 2. Calculate z(11).
-2
Let n(d) = -d**3 + 4*d**2 + 5*d + 4. Calculate n(5).
4
Let j(r) = -r**3 + 3*r**2 + 3*r - 5. Calculate j(3).
4
Let n(q) = -7*q + 50. What is n(-6)?
92
Let l(q) = q**3 - 20*q**2 - 22*q + 19. Calculate l(21).
-2
Let y(z) = -z**3 - 10*z**2 + 13*z + 24. Give y(-11).
2
Let r(b) = -b**3 - 18*b**2 + 4. Determine r(-18).
4
Let y(w) = w**3 - w**2 + w - 19. What is y(0)?
-19
Let s(l) = l**3 + l**2 - 13*l + 2. Give s(3).
-1
Let x(a) = -8*a - 49. Calculate x(-5).
-9
Let p(v) = -v**3 + 5*v**2 + 3*v - 1. What is p(5)?
14
Let w(b) = -b**3 + 8*b**2 + 9*b + 10. Determine w(9).
10
Let h(j) = -4*j**2 - 2*j. What is h(-2)?
-12
Let o(f) = -f**3 - 18*f**2 + 42*f + 43. Determine o(-20).
3
Let i(w) = -w**3 + 2*w**2 + 3*w + 4. Give i(-2).
14
Let h(a) = a**3 + 4*a**2 - 2. What is h(-4)?
-2
Let n(z) = -12*z - 225. Determine n(-19).
3
Let w(g) = -118*g**3 - 2*g**2 + g + 2. Give w(-1).
117
Let l(f) = 5*f + 3. Calculate l(-9).
-42
Let b(l) = -2*l**2 + 43*l + 24. Give b(20).
84
Let q(d) = 34*d**3 - 3*d - 2. Determine q(-1).
-33
Let l(s) = -s**3 + 7*s**2 - 3*s - 6. Calculate l(6).
12
Let h(m) = m**2 + 2*m - 1. What is h(2)?
7
Let y(d) = -11*d + 318. Calculate y(27).
21
Let a(p) = -212*p - 644. Determine a(-3).
-8
Let m(f) = 2*f - 83. Give m(49).
15
Let i(j) = -2*j**2 - 16*j + 64. Calculate i(-11).
-2
Let i(l) = -3*l**3 - 15*l**2 + 2*l + 3. Calculate i(-5).
-7
Let n(y) = 4*y**3 + 28*y**2 - 2*y - 20. What is n(-7)?
-6
Let c(q) = -13*q**3 - 2*q**2 - q + 2. Determine c(1).
-14
Let w(l) = -l**3 + 5*l**2 - 4*l + 16. Determine w(5).
-4
Let z(q) = q + 2. What is z(-5)?
-3
Let s(p) = -p**2 - 23*p + 7. Determine s(0).
7
Let s(a) = -a**2 - 15*a + 9. Calculate s(-14).
23
Let l(d) = 25*d - 357. Give l(14).
-7
Let p(v) = v**2 + v - 1. Give p(-3).
5
Let u(n) = n**3 - 18*n**2 - 17*n - 40. Determine u(19).
-2
Let w(u) = -5*u + 1. Calculate w(2).
-9
Let d(r) = 6*r**2 - 1. Determine d(-2).
23
Let s(y) = -y + 1. Determine s(-6).
7
Let b(s) = -3*s**3 - 2*s**2 - 3*s + 7. Give b(-4).
179
Let m(v) = -v**2 + 11*v - 28. What is m(9)?
-10
Let n(g) = -g**3 - 33*g**2 - 63*g - 42. Give n(-31).
-11
Let a(b) = -b**2 + b - 33. What is a(0)?
-33
Let j(u) = 4*u + 15. What is j(-4)?
-1
Let d(x) = -x**2 - 5*x + 9. What is d(-9)?
-27
Let h(w) = w**3 - 11*w**2 + 7*w - 65. Determine h(11).
12
Let f(w) = -18*w - 2. Determine f(2).
-38
Let w(t) = -10*t + 4. Determine w(-1).
14
Let u(q) = q**2 + 14*q - 28. What is u(2)?
4
Let w(t) = t**3 + 5*t**2 - 4. Determine w(-4).
12
Let t(f) = -2*f**2 + 18*f - 14. Give t(9).
-14
Let l(d) = -d**2 - 12*d - 9. Calculate l(-11).
2
Let n(z) = z - 15. Give n(0).
-15
Let b(l) = -l**3 + 14*l**2 + 16*l - 21. What is b(15)?
-6
Let o(a) = -a - 10. Calculate o(-4).
-6
Let m(q) = 6*q + 23. What is m(-17)?
-79
Let y(w) = 4*w**2 + 2*w - 6. Calculate y(2).
14
Let r(p) = -4*p + 13. Determine r(2).
5
Let i(j) = j**2 - 4*j + 1. Calculate i(-4).
33
Let n(d) = -d**2 - 3*d + 4. Calculate n(4).
-24
Let b(t) = -3*t**2 + 15*t + 7. Give b(6).
-11
Let d(j) = j**3 + 15*